w + 2*m - 884 = 0. Suppose 2*y = -2*y + w. What is the remainder when y is divided by q(-21)?
36
Let i = 3804 + -3788. Calculate the remainder when 347 is divided by i.
11
Suppose h - 3*y - 23 = 0, h + 5*y = -0*h - 1. What is the remainder when (-452)/(-6) + h/21 is divided by 10?
6
Let z be (-75)/27 - -3 - 3676/18. Let i = 233 + z. What is the remainder when 85 is divided by i?
27
Calculate the remainder when 1550 is divided by (56/(-12) + 5)*(-2 - -2) + 771.
8
Let q be (-2664)/108*30/4. Let r = 216 + q. Calculate the remainder when 400 is divided by r.
28
Suppose 0 = -2*m - 3*h + 455, 0 = 2*m - 2*h - 437 - 53. What is the remainder when 851 is divided by m?
137
Suppose -3*q = 3*p - 0*p - 21, 4*p = -2*q + 28. Let h be (-1)/p - (-13)/((-182)/40). Calculate the remainder when (10/(-3) - (h + 1))*-66 is divided by 30.
28
Suppose -12 = -4*p - 5*u, -3*p + 11*u + 9 = 15*u. Suppose -p*g + 46 = g - 3*t, 18 = 2*g - 4*t. What is the remainder when 56 is divided by g?
4
Let w(u) be the second derivative of 0 - 3*u**3 + 2*u**2 + 1/12*u**4 + 4*u. Calculate the remainder when 18 is divided by w(18).
2
Suppose -8*f = 11*f - 741. What is the remainder when f is divided by 22?
17
Let k be -2 + (-66)/(-15) - (-14)/(-35). Suppose k*q = -2*o + 34, 5*o - 22*q - 93 = -19*q. Calculate the remainder when 115 is divided by o.
7
Let u(y) = -y**3 - 15*y**2 + 75*y - 15. Let r be u(-19). Suppose 5*g = -2*w + 179, -3*g + 60 = r*w - 39. What is the remainder when 295 is divided by g?
36
Let f = -13929 + 13967. What is the remainder when 1120 is divided by f?
18
Calculate the remainder when (300/15)/((-8)/(-300)) is divided by 222.
84
Let x = -232 + 237. Suppose o - 51 = -i, -5*i + x*o = -6*i + 59. Calculate the remainder when i is divided by 26.
23
Let i = 452 - 434. Let c(l) = 44*l + 11. Calculate the remainder when c(i) is divided by 26.
23
Suppose 3*s - 1100 = -2*s. Suppose -s = -8*w + 3*w. What is the remainder when (w/10)/(5/50) is divided by 9?
8
Suppose 5*s - 47 - 308 = 3*m, 0 = -3*s + m + 217. Suppose i - 48 = 5*x, 16*i + x = 17*i - 36. What is the remainder when s is divided by i?
8
Let p(l) = l**3 - 17*l**2 + 48*l - 24. What is the remainder when p(17) is divided by 285?
222
Suppose -73019 = 3375*g - 204644. Let z be (1/(-2))/((-2)/552). Suppose 4*v + v = -4*r + z, -3*v + 3*r = -72. What is the remainder when g is divided by v?
13
Let r(g) = 19*g**2 - g. Let a = 10 + -2. Suppose a*i - 45 = 5*i. Calculate the remainder when r(2) is divided by i.
14
Let a = -83 + 73. Let c be (-11)/(165/(-27)) + (-2)/a. Suppose 86 = c*k + 12. Calculate the remainder when 107 is divided by k.
33
Suppose 5*t - 115 = -5*w, 8*w + 8*t - 166 = 6*t. Suppose 0 = 8*j - 13*j + 1585. Calculate the remainder when j is divided by w.
17
Let o = -911 - -1302. Calculate the remainder when o is divided by (7/20)/(16/80)*(-128)/(-8).
27
Calculate the remainder when 30*8/(-96)*(-1)/((-2)/(-5316)) is divided by 1660.
5
Let c(x) = 2*x**2 + x - 5. Suppose -4*m + 39 = 3*z, 0 = -46*m + 42*m - 12. Calculate the remainder when c(4) is divided by z.
14
Let a = -115 - 78. Let f = 234 + a. Calculate the remainder when f is divided by (2 - -5)/((-1)/(-2)).
13
Suppose -139*t = -134*t - 140. Calculate the remainder when 118 is divided by t.
6
Suppose -v + 149 = -174. Let s = v - 307. Calculate the remainder when 45 is divided by s.
13
Let k be 3/(3/(-355))*-1. Let p = k + -282. Calculate the remainder when p is divided by 25.
23
Suppose 3*w = -4*i + 285, -2*w + 380 = 5*i - 3*w. Suppose 0 = -5*a + 4*t + 35, 0 = 2*t - 6 - 4. What is the remainder when i is divided by a?
9
Calculate the remainder when 4/38 - (29394/(-171) - -4) is divided by 44.
36
Let n(z) = -z**3 + 5*z**2 - 4*z + 3. Suppose 0 = 5*x - 15 - 0. Let i be n(x). Calculate the remainder when 31 is divided by 4 + 18/(-2) + i.
3
Let p = -97 + 285. Let z = p + -161. What is the remainder when 207 is divided by z?
18
Let o(a) = 13*a**2 - 8*a + 4. Let f be o(1). Let z be ((-2)/(-4))/((-2)/(-716)). Suppose z + 496 = f*w. What is the remainder when w is divided by 10?
5
Let f be (-1)/(6/24) + 24. Suppose -f = -5*m - 3*t - t, -5*m + 3*t = -55. What is the remainder when m is divided by 3?
2
Let q = 14 - 15. Let x(t) = -228 - 2*t**2 - 105*t**3 - 3*t - t**2 + 227. Calculate the remainder when x(q) is divided by 21.
20
Suppose 0*f = -f + 25. Suppose 9*w - 63 = 99. Suppose 892 = -14*g + w*g. What is the remainder when g is divided by f?
23
Suppose 0 = -5*p - j - 2*j + 49, 3*j - 1 = p. Let a(q) = 112*q - 7. Let h be a(7). Suppose z + h = p*z. Calculate the remainder when z is divided by 16.
15
Suppose 0 = j - 4 + 5, u + 3*j - 19 = 0. Suppose -u*x = -19*x - w - 226, 3*w + 374 = 5*x. What is the remainder when x is divided by 16?
12
Suppose 0 = -4246*j + 4242*j + 2436. Calculate the remainder when j is divided by 62.
51
Suppose 32*b = 38*b - 888. Suppose -143*g = -b*g + 140. What is the remainder when 52 is divided by g?
24
Suppose 40*m - 261 - 1419 = 0. What is the remainder when m is divided by 12?
6
Let o(u) = 2*u**2 + 19*u + 198. What is the remainder when o(-16) is divided by 107?
85
Let f = 983 + -1407. Let p = 640 + f. Suppose -p = -w - 3*w. What is the remainder when w is divided by 19?
16
Let l(h) = 3*h + 53. Let d(v) = -5*v - 55. Let x(w) = -5*d(w) - 6*l(w). Calculate the remainder when 41 is divided by x(8).
2
Suppose -2*i + 505 = k, -i + 1 = 4*k - 248. Let l = 293 - i. What is the remainder when l is divided by 25?
15
Let k(p) = -8*p**2 + 3*p + 2. Let c be k(-1). Let x = c + -33. What is the remainder when 36 is divided by (x/(-15))/((-2)/10*-1)?
8
Let u = -151 + 222. Suppose 0 = h - 45 - 18. Let s = u - h. What is the remainder when 37 is divided by s?
5
Calculate the remainder when 12/26 - (22344/(-91) - -22) is divided by 162.
62
Suppose 4*z - q = 49 + 39, -3*q = -z + 22. Let j = z - 19. Suppose -w + 26 = 5*d, 2*d + 42 = 7*d - j*w. What is the remainder when 11 is divided by d?
5
Let z(i) = -18*i + 5. Let o be z(-2). Suppose -37*r = -o*r - 8. What is the remainder when 26 is divided by (27/6)/(3 + 5/r)?
8
Suppose -k - 170 = -2*k. Suppose 3*m - 2*j = 35, 5*j = 5*m + 3*j - 53. Calculate the remainder when k is divided by m.
8
Suppose -66*d = -47*d + 2945. Let y = d + 177. Suppose -2*s - 3*s + 350 = 0. Calculate the remainder when s is divided by y.
4
Let b = 3258 - 3229. Calculate the remainder when 280 is divided by b.
19
Suppose -125*o + 4*l - 359 = -128*o, -609 = -5*o + 4*l. What is the remainder when 592 is divided by o?
108
Suppose 0*k - k + 132 = 2*d, 5*k = -5*d + 340. Let s(v) = v**2 - 10*v + 8. Calculate the remainder when s(-7) is divided by d.
63
Let s = -203 + 205. Calculate the remainder when 4 is divided by (-108)/(-20) + -2 - s/5.
1
Let z = 569 - 365. What is the remainder when z is divided by 208/5 + ((-3)/5 - 0)?
40
What is the remainder when (9 + (-132)/9)*-33 is divided by 135?
52
Let h be (-891)/54*2/(-3). Let z(a) = a**3 - 11*a**2 + 2*a - 12. What is the remainder when 166/6 - (-4)/(-6) is divided by z(h)?
7
Suppose -30*x + 5*j + 9 = -29*x, 2*x - 2*j = 50. Suppose -x = 4*y - 5*h - 148, -y = h - 23. What is the remainder when y is divided by 9?
8
Let d(b) be the third derivative of -5*b**4/24 - 19*b**3/6 + 16*b**2. Let u be d(-4). Calculate the remainder when u/8 + (-1231)/(-8) is divided by 39.
37
Suppose -13*k = -71 + 6. Suppose -2 = 3*o - 8, 2*c = -k*o + 44. Suppose 4*y + v - 3*v = 202, -3*y = -5*v - 155. What is the remainder when y is divided by c?
16
Let p = -3057 + 5714. What is the remainder when p is divided by 7?
4
Let b = -505 - -954. Let a = b + -439. Calculate the remainder when 59 is divided by a.
9
Let v = -13941 + 14562. Calculate the remainder when v is divided by 118.
31
What is the remainder when (-7400)/(-24) - (5 - (-17)/(-3)) is divided by 24?
21
Let s(o) = 150*o + 6. Let a be s(1). Let z = 166 - a. What is the remainder when 89 is divided by z?
9
Let h = -47 + 59. Let g = -13 + h. What is the remainder when (-1354)/(-10) - ((-7)/(-5) + g) is divided by 34?
33
Let m = -42 - -25. Let u = 21 + m. Let q = -2222 - -2234. Calculate the remainder when q is divided by u.
0
Suppose y + 116 = 3*x, 3*x - 192 = -2*x + 3*y. Let f = -838 - -845. Suppose f*n - 96 = -12. Calculate the remainder when x is divided by n.
3
Let u